0. What is the tens digit of k?
3
Let t(z) = 48*z**2 + 146*z + 791. What is the thousands digit of t(-5)?
1
Suppose -x + 2*x - 36 = 4*h, -2*x = h + 18. What is the tens digit of (15/h)/(6/(-568))?
4
Suppose 2450 = 3*k - 5*h - 1075, -4*h = 12. Suppose 31*m + k = 20607. What is the units digit of m?
7
Suppose 24*t + 3*x = 31*t - 169878, -4*t + 4*x + 97064 = 0. What is the units digit of t?
0
Suppose 15*q - 5*j = 12*q + 10784, -3*q = j - 10814. What is the units digit of q?
3
Let u(v) = 2*v**2 - 30*v - 33. Let i be u(16). What is the units digit of (0 + 12)/(i + (-395)/(-380))?
4
Suppose 4*z = 3*y + 5, 15*y = -4*z + 10*y + 13. Let i(s) = -s - 5*s - 14*s**2 + 2 + 23*s**z - 4. What is the units digit of i(5)?
3
Let g(y) = -2*y + 1. Let v(i) = 51*i + 6. Let k(w) = 4*g(w) + v(w). What is the tens digit of k(2)?
9
Let c(h) = h - 9. Let l = -31 - -42. Let m be c(l). Let p = m - -28. What is the tens digit of p?
3
Suppose -5*y + 140 = -5*t, -2*t - y + 22 = 93. Let z = t - -34. What is the units digit of (-5 - z)/((-6)/92)?
2
Let i(j) = 54*j**2 + 2*j + 114. What is the thousands digit of i(-13)?
9
Suppose 3*t + u - 44291 = 0, 3*t = 4*t - 4*u - 14794. What is the hundreds digit of t?
7
Let z = -384 + 22678. What is the thousands digit of z?
2
What is the tens digit of (-4)/(-18) + 7864945/495?
8
Let k be 8/14 - 6/21*-4863. Let f = k + -830. What is the units digit of f?
0
Let o = 1196 - 933. Suppose 16740 = -o*q + 275*q. What is the thousands digit of q?
1
Let n = 96 - 92. Suppose -2*c + 4 = n*j + 2*c, -4*j = -2*c - 34. Let s(p) = 28*p + 18. What is the hundreds digit of s(j)?
1
Let c(j) = 392*j**3 + 18*j**2 - 7*j + 11. What is the hundreds digit of c(5)?
4
Suppose -4*t - z = -1336, -4*z + 4 = -3*z. Let n = -149 + t. What is the units digit of n?
4
Let l(b) = -12*b**2 - b + 10. Let x be l(-7). Let a = 341 - x. What is the tens digit of a?
1
Let i(s) = 18*s + 15. Let v be (-2)/(-10) - (-66)/(-30). Let p be 1 - ((6 - 3) + (-7 - v)). What is the units digit of i(p)?
9
Suppose -35*k + 89*k + 120*k - 2384670 = 0. What is the hundreds digit of k?
7
Let r(n) be the second derivative of 243*n**5/20 + n**4/6 - 5*n**3/6 + 3*n**2/2 - n - 26. What is the tens digit of r(1)?
4
Let m = -33 + 44. Let i = m + -8. Suppose 3*r - 12 = i*p, 3*r + p - 22 = -2. What is the units digit of r?
6
Let n = -117 - -292. Let r = n + 219. What is the hundreds digit of r?
3
Let v(j) = -509*j + 146. What is the ten thousands digit of v(-20)?
1
Let g(x) = 62*x**2 + 192*x + 40. What is the hundreds digit of g(22)?
2
Let h = -155 + 158. What is the tens digit of ((-18)/(-39))/h + (-21160)/(-26)?
1
Let n = -24926 + 28345. What is the thousands digit of n?
3
Let l(j) be the second derivative of -j**3/6 + 3*j**2 + 5*j. Let p = 10 + -6. What is the units digit of l(p)?
2
Suppose 5*o - 2*r = 30, -6*r = -11*r. Let z = -98 + 55. Let p = o - z. What is the tens digit of p?
4
Let f(p) = 50*p - 33. Let g(h) = -201*h + 132. Let z(r) = -9*f(r) - 2*g(r). What is the units digit of z(-2)?
9
Let t be -19 + 23 + (-1 - -6) - -5. What is the hundreds digit of -7*(-32)/392 + 3156/t?
2
Suppose u + 25*a + 363 = 23*a, 0 = -2*u + 3*a - 754. Let s = u - -788. What is the units digit of s?
7
Suppose -5*t - 3*h + 27 = -0*t, -4*t + 21 = 3*h. What is the tens digit of (-4)/6 - (0 + (-832)/t)?
3
Let b(i) = i**3 - 36 + 6*i + 6*i - 3*i + 5*i - 12*i**2. Let m be b(12). Suppose -358 = -10*k + m. What is the units digit of k?
9
Let w(r) be the second derivative of 7*r**3 - 7*r**2/2 - r - 116. What is the units digit of w(18)?
9
Suppose 0 = -2*m - 3*m - 45. Suppose -t - 94 = 2*x, 4*x + 2*t + 142 = x. Let o = m - x. What is the units digit of o?
7
Suppose -3*u - 92476 = -5*m, 47*u - 36996 = -2*m + 51*u. What is the tens digit of m?
9
Let y(c) = 13*c - 268. Let h be y(19). What is the tens digit of -3 + h/(-9) + (-5425)/(-15)?
6
Suppose 0 = -5*t - 19*j + 14*j + 5820, -2*t + 2292 = -7*j. What is the units digit of t?
0
Suppose -t + 28829 = -2*i, -i + 70103 = 5*t - 74042. What is the hundreds digit of t?
8
Suppose 0 = x - 3, -57*m - 4*x = -55*m - 5466. What is the tens digit of m?
2
Let z = -98 + 115. Let m = z + 94. What is the hundreds digit of m?
1
Suppose -5*w - 3*w = -24. Suppose w*h - 86 = 130. Suppose 4*u + 4*t - 27 - 229 = 0, -3*t = -u + h. What is the tens digit of u?
6
Let l = -55 - -57. Suppose 0 = -l*k - 5*o + 3308, 85*o - 80*o - 6636 = -4*k. What is the units digit of k?
4
Let v(n) = 450*n**2 - 29*n - 304. What is the units digit of v(-9)?
7
Suppose 5*x + 201 = -3*g, 0*x - 5*x + 47 = -g. Let r be (6/12 + 0)*-198. Let l = g - r. What is the tens digit of l?
3
Let x(q) = -8*q**2 + 8*q - 10. Let m(o) = o**3 + o**2 + 1. Let l(u) = m(u) + x(u). Let k be l(6). What is the tens digit of 28 - (0 - (-7 + k))?
2
Let d(p) = 62*p**3 - 5*p**2 + 6*p - 144. What is the ten thousands digit of d(6)?
1
Let i be (-188)/(-141)*6/4. What is the tens digit of (7 - 5)/i - -567?
6
Suppose 12227 = -k - 17003. What is the units digit of 9/5*k/(-111)?
4
Let k = 21 + -20. What is the units digit of (1425/(-5 + 0))/((-1)/k)?
5
Let r = -32784 + 51129. What is the hundreds digit of r?
3
Let p be (7 - 7)/(6/2 - 7). Suppose l - 2*j + 5*j = 240, -5*l + 3*j + 1236 = p. What is the hundreds digit of l?
2
Let h(u) = -u**3 + 9*u**2 + 10*u + 5. Let q be h(8). Suppose 2*v - 8 = 0, -4*s = -s - 2*v + q. Let c = s - -57. What is the tens digit of c?
1
Let v(a) = 153*a - 103. Let k be v(6). Let b = k - 403. What is the tens digit of b?
1
Let k = 231 - 162. Let s be 4/2 - (-9)/(-3). What is the units digit of (-4 - s) + k/3?
0
Let t(h) = 28*h - 59 + 18*h**2 - 36*h**2 + 113*h**2 - 32*h**2. What is the units digit of t(2)?
9
Suppose 9*t + 36 = 12*t. Suppose -37*o = -t*o - 6175. What is the tens digit of o?
4
Suppose -10*t = -0*t - 20. Suppose 0*j - t*j + 498 = 0. What is the tens digit of j?
4
Let u = -724 - -729. Suppose -21*x + 2496 = -u*x. What is the hundreds digit of x?
1
Let f = 3322 - 1249. What is the units digit of f?
3
Let m(t) = 41 + t**2 + 0*t**2 + 95*t - 91*t. What is the units digit of m(-7)?
2
Suppose -4435 = -2*h - 5*i, 3*i + 11783 = 4*h + 2900. Suppose 5*f = -5*f + h. What is the hundreds digit of f?
2
Let w = 115 + -112. Let i be 8/w*45/60. Suppose 4*t = i*a - 268, 4*t + 86 + 58 = a. What is the tens digit of a?
2
Suppose 5*l + 2*g - 118 - 1091 = 0, 2*g = -2*l + 486. What is the units digit of l?
1
Let u(k) = -1030*k - 866. What is the thousands digit of u(-6)?
5
Let s(m) = 2011*m + 150. What is the hundreds digit of s(2)?
1
What is the hundreds digit of 311/1*(226 - 220)?
8
Let w = 191062 - 134275. What is the ten thousands digit of w?
5
Let u(x) = 60*x + 20. Let j be u(24). Suppose -10*m = -750 - j. Suppose -43 = t - 2*t - a, m = 5*t + 2*a. What is the tens digit of t?
4
Let h(o) = 2*o**2 - 32*o + 89. Let k(a) = -a**2 + a - 1. Let f(g) = h(g) + 3*k(g). What is the units digit of f(-18)?
4
Let p = 4985 - 437. What is the hundreds digit of p?
5
Let j(t) = t**3 + 4*t**2 + 1. Let y = 12 - -15. Let l = 30 - y. What is the units digit of j(l)?
4
Let i = -740 - -744. Suppose 4*q + i*d - 334 = 86, 2*q + d = 209. What is the tens digit of q?
0
What is the units digit of (-46326)/(-10)*590/354?
1
Suppose 27*t - 53752 + 21244 = -0*t. What is the thousands digit of t?
1
Let g(n) = -37*n - 3. Let j be g(1). Let r = 40 + j. Suppose r = -3*a + 18 + 45. What is the tens digit of a?
2
Let b(i) = -i**2 - 1. Let c be b(-3). Suppose 318*p + 42 = 313*p + 4*u, 0 = 4*p - 5*u + 30. What is the units digit of (-2 + (-116)/p)/((-2)/c)?
8
Suppose -3*a + 4*z - 38508 = -7*a, -38512 = -4*a - 2*z. What is the units digit of a?
9
Let a(d) be the first derivative of d**4/4 + 13*d**3/3 + 9*d**2/2 + 21*d - 78. What is the tens digit of a(-9)?
6
Let x(p) = 2520*p**2 - 83. What is the tens digit of x(5)?
1
Suppose -942511 = -57*n + 408788. What is the hundreds digit of n?
7
Suppose -98741 - 825691 = -48*t. What is the tens digit of t?
5
Let x = -27 - 8. Let v = x + 39. Suppose 5*p - 96 = -3*o, 2*o - 45 = -v*p + 33. What is the tens digit of p?
2
Let c(o) = 336*o - 2824. What is the hundreds digit of c(51)?
3
Let b = 148 - 152. Let i(l) = -14*l**2 - 28*l - 14. Let k(h) = 5*h**2 + 9*h + 5. Let j(n) = 4*i(n) + 11*k(n). What is the units digit of j(b)?
5
Suppose -10*n + 12*n + 